2, -3*z - f + 36 = 0. Let m(p) = 2 - z + 6 + p. Determine m(d).
2
Suppose -k + 14 = -6*k - r, -k = -3*r - 10. Let x be (k/(-6))/((-4)/(-24)). Let l(y) = -1 - 2*y**2 - y**3 + 3*y + 5*y**2 - 2*y**2. Give l(x).
1
Let g(d) = 54 - 101 - 2*d - 3*d**2 + 49 + 3*d. Give g(3).
-22
Let u = -9 + 19. Suppose 0 = -6*g + g + u. Let p(f) = f**3 - f**2 + f - 1. What is p(g)?
5
Let s = 4 - 4. Let a(r) = -r**2 + 4. Calculate a(s).
4
Let z(a) = -11*a**2 + 7*a - 8. Let x(o) = 5*o**2 - 3*o + 4. Let h(v) = -13*x(v) - 6*z(v). Let u(y) = -y**3 - 6*y**2 - 8*y - 11. Let q be u(-5). Calculate h(q).
0
Let d(r) be the first derivative of -r**3/3 - r**2/2 + 2*r + 2. Let s be d(-2). Let m(p) = -p**2 + 8. Calculate m(s).
8
Let u(c) = -4*c - 1. Suppose x + 30 = -2*x. Let d = 11 + x. Calculate u(d).
-5
Let l(y) = -4*y**3 - 8*y**2 - 25*y + 9. Let k(g) = g**3 + 3*g**2 + 8*g - 3. Let o(u) = 7*k(u) + 2*l(u). Determine o(6).
-3
Let v(s) = -s**2 - 7*s + 2. Suppose 3 = 5*b - 7. Suppose -18 = 4*w - w - b*u, -w - 6 = -3*u. Determine v(w).
8
Let a(u) = u**3 + 2*u**2 + 3*u + 3. Let k(p) = p + 7. Let x be k(0). Suppose -b + 0 = -4*r - 2, -3*b - r - x = 0. Give a(b).
-3
Let m(o) be the first derivative of o**5/24 + o**4/24 + 3*o**3 - 8. Let s(u) be the third derivative of m(u). What is s(1)?
6
Let z(l) be the second derivative of 0*l**3 + 0*l**2 + 1/720*l**6 - 3*l + 0 - 1/6*l**4 - 1/120*l**5. Let a(x) be the third derivative of z(x). Give a(5).
4
Let y(g) be the second derivative of -g**4/12 - 5*g**3/6 + g**2 - 3*g. Let q be -3*(1 - (-5)/(-3)). Suppose 7*n - q*n + 25 = 0. Determine y(n).
2
Let m = -13 + 7. Suppose 0 = -4*c - 3*r + 39, -5 - 15 = -5*c + 2*r. Let x(s) = -s**3 + 0*s**3 - 4 - 7*s**2 - c*s + 1. What is x(m)?
-3
Let b(h) = 2*h - 7. Let l be b(5). Let p(x) = -2 - l*x + 1 + 1. Let j = -8 - -5. What is p(j)?
9
Suppose -2*p + 0 = 8. Let h(x) = 5*x**3 - 11*x**2 - 8. Suppose -3*i + 6 = -2*i. Let f(s) = 9*s**3 - 21*s**2 - s - 15. Let l(u) = i*f(u) - 11*h(u). Give l(p).
6
Let u(i) = -i**2 + 3*i + 3. Let a(p) = -p**2 - 11*p - 15. Let f be a(-9). Give u(f).
3
Let w = 22 - 15. Suppose 4*g - 22 = 2*j, -4*j - w = -2*g + 19. Let x(b) = -3*b + b**3 - 4*b**2 + 8*b**2 + 0*b + 3. What is x(j)?
-7
Suppose -4 = -4*k + 5*x, 3*x - 4 = 2*x. Let j(l) = l - 2. Determine j(k).
4
Let q(j) be the first derivative of -1/3*j**3 + 1/4*j**4 - j - j**2 + 1. Calculate q(-2).
-9
Let n(o) be the third derivative of o**5/60 + o**4/12 - 4*o**2. Let v be (-2)/(5/(30/4)). Give n(v).
3
Let b(u) be the third derivative of u**5/60 - 5*u**4/24 - u**3/6 + 14*u**2. Give b(6).
5
Let l(v) = -v**3 + 11*v**2 + 13*v - 8. Let a be l(12). Let s(m) = 5*m**3 - 4 + 6*m**2 - a*m**3 + 2*m + 2*m. What is s(-5)?
1
Let i = 29 + -31. Let o(w) = 9*w + 2. Calculate o(i).
-16
Let m(s) = s**3 + 3*s**2 - 2*s - 3. Suppose -l = -t + 8, 2*l + 3*t - 7 - 2 = 0. What is m(l)?
3
Let c(z) = -z**2 + 1 + 2*z + 1 + 1 + 0*z**2. Determine c(4).
-5
Let t(f) = -f + 1. Let b(h) = 4*h - 5. Let s(n) = -b(n) - 2*t(n). Give s(2).
-1
Let o(m) = -m**2 + 7*m - 3. Let f be ((-1)/3)/((-4)/72). Determine o(f).
3
Let r(g) be the first derivative of g**2/2 - 3*g + 1. Calculate r(7).
4
Let f = 4 - 0. Let p(o) = -o - 3 + f + 1. Determine p(5).
-3
Let j(q) = -6*q**2 - 3*q - 3. Suppose -12 + 18 = -3*w. Calculate j(w).
-21
Let k be ((-1)/(-1))/((-2)/(-46)). Let j(a) = -3*a - 4. Let b be j(-3). Suppose b*t - 3 + k = 0. Let i(h) = -h + 4. What is i(t)?
8
Suppose 20 = -0*i + 5*i. Let f(m) = -14*m + 1 - i*m**2 - 18*m + 31*m + m**3. Determine f(4).
-3
Let o(u) = -3*u**3 - u**2 + 1. Let y be o(1). Let c = 1 + -3. Let f(j) = 3*j**2 + 3*j + 4. Let b(k) = -k**2 - k - 2. Let i(l) = c*f(l) - 5*b(l). What is i(y)?
-4
Let h(w) = -2*w - 13. Let y be h(-9). Let b(m) = -2*m - 3. Let l(s) = 2*s + 4. Let c(a) = y*l(a) + 6*b(a). Calculate c(-3).
8
Suppose 4 = g + 3*g, 4*x + 2*g = 94. Suppose -1 = -2*c + 4*a - 3, 5*c - x = -4*a. Let q(s) = 25*s**2 - 2*s + 5 - 28*s**2 - 3 + s**c. Calculate q(2).
-6
Suppose -5*g - 71 = -101. Let k(i) = -i**2 + 2*i + 8. Determine k(g).
-16
Let x = -8 + 12. Let s(i) = -3*i**3 + 6*i**2 + i + 3. Let y(g) = 7*g**3 - 13*g**2 - 2*g - 7. Let a(h) = 5*s(h) + 2*y(h). Calculate a(x).
5
Suppose 2*d - 3*b + 0*b = 12, -16 = -5*d + 4*b. Let l(n) = -n**3 - n**2 + n + 12. What is l(d)?
12
Let i(p) = p - 1. Let a(v) = v**2 + 9*v + 1. Let y(o) = -a(o) + 2*i(o). Determine y(-6).
3
Suppose 2*g = -2 + 8. Let b(s) = 6*s - s + 4 + 3*s**3 + s**3 - g*s**3 + 4*s**2. What is b(-3)?
-2
Let s(j) = j**2 + 8*j + 4. Let i(l) = -3*l**2 + 3*l**2 + l - 8*l - 3 - l**2. Let r(a) = 4*i(a) + 3*s(a). Give r(-3).
3
Let v(w) = -w**3 + 2*w**2 - 3*w - 3. Let c be v(4). Let g = c + 67. Suppose -3*d = 5 - g. Let t(l) = -2*l + 7. What is t(d)?
-3
Let l(r) = -15 + 15 - 2*r. Give l(-1).
2
Suppose -2*n - n - 4*m + 6 = 0, 3*n = -2*m. Let z(f) be the third derivative of -f**2 + 0*f + 1/6*f**4 + 1/60*f**5 + 1/2*f**3 + 0. Determine z(n).
-1
Let u(z) be the third derivative of -z**5/60 + z**4/3 - 3*z**3/2 + 15*z**2. Give u(6).
3
Let z(s) = s**2 + 7*s + 8. Let o be z(-6). Let j(r) = -2*r**3 + r**2 - 3*r - 8*r**o + 4*r**2. Determine j(-2).
10
Let i(z) = -z**3 + z**2 - 8. Suppose w = 3 - 0. Suppose w*f = 4*f. Determine i(f).
-8
Let c(h) = 23*h + 1. Let z(a) = a. Let u(m) = c(m) - 6*z(m). Calculate u(-1).
-16
Let r(m) = -3*m**3 + 9*m**2 - 9*m - 7. Let x(d) = 2*d**3 - 5*d**2 + 5*d + 4. Let o(t) = 3*r(t) + 5*x(t). Let y(v) = v + 4. Let k be y(-7). Calculate o(k).
-4
Let r(f) = f + 1. Suppose -3*y + 30 = 5*d - 0*y, -10 = -5*d + y. Calculate r(d).
4
Let m = 5 + 0. Let u(k) be the first derivative of m*k - 2 + 1/3*k**3 - 5/2*k**2. Determine u(5).
5
Let p(t) = -1 + 2*t + 2*t - 10*t. Let v(x) = -x**3 + 9*x**2 + 10*x - 1. Let h be v(10). What is p(h)?
5
Let w(z) = z**2 - 7*z + 2. Let g be 2/5*(1 + 4). Let l = 17 - 14. Let q = g + l. Give w(q).
-8
Let r(x) = -5*x**3 + 8*x**2 - 6*x - 2. Let v(u) = 17*u**3 - 25*u**2 + 18*u + 7. Let m(n) = -7*r(n) - 2*v(n). What is m(5)?
5
Let t(y) = -y**2 - 2. Let z = -14 - -11. What is t(z)?
-11
Suppose 8 = l - 0*l. Suppose 0 = -4*k + 2*k + l. Let j(g) be the second derivative of -g**4/12 + g**3 - 3*g**2 - g. Calculate j(k).
2
Let m(v) = -v**2 + v - 3. Let o be (-33)/(-9) + (-8)/12. What is m(o)?
-9
Let d(i) = 11*i + 3. Let r(m) be the third derivative of -5*m**4/24 - m**3/6 + 2*m**2. Let z(t) = 6*d(t) + 13*r(t). Give z(-4).
1
Let v = 12 - 7. Suppose -3*t = v*d - 6, -t - 2*d = -6*d - 2. Let o(q) = -4*q + 2 + 9 - 10. Calculate o(t).
-7
Suppose 2*i - 28 = 2*z, -3*i = 2*z + 4 - 41. Suppose 16 = i*x - 9*x. Let q(h) = -3*h + 4. Determine q(x).
-8
Let k = 0 + -1. Let n be (k - -2)/2*-12. Let a(b) = -b**2 + b - 1. Let t(y) = -4*y**2 + 13*y + 2. Let m(x) = -5*a(x) + t(x). Calculate m(n).
-5
Let i(v) = -v**2 + 8*v - 5. Let l(n) = n**2 - 11*n + 17. Let k be l(10). Give i(k).
2
Let j be ((-14)/4 - -1)*-2. Let m be -1*(-2)/(-5)*j. Let v(k) = -6*k**2 - 3 + 8*k**2 + k**3 - k**3 + k**3 - 3*k. Determine v(m).
3
Let f(r) = 5*r - 2*r**2 + 1 + 0 - 3*r + 4*r**3 - 3*r**3. Determine f(2).
5
Let j(f) = f + 1. Let z(w) = w**3 - 4*w**2 + 4*w - 3. Let g be z(3). Determine j(g).
1
Let z(j) = -j + 3*j + j. Let x be 11 - 13 - (-3)/1. Give z(x).
3
Let j = -18 - -23. Let q(s) = -s**2 + 5*s - 5. Give q(j).
-5
Let y(a) = 7*a + 11. Let r(t) = 15*t + 23. Let w(b) = 6*r(b) - 13*y(b). Give w(-6).
1
Suppose b = -0*b. Suppose -5*s = -b*s - 20. Let a(n) = -n**2 + 6*n - 5. Determine a(s).
3
Let k(i) be the second derivative of i**7/2520 + i**6/240 - i**5/60 + i**4/4 + 3*i. Let w(q) be the third derivative of k(q). Calculate w(-4).
2
Let h(r) = -6*r**3 - 1. Let q be h(-1). Let p be 33/q - (-18)/45. Let f(k) = k - 4. Determine f(p).
3
Let z(r) = r - r**2 + 2*r**3 - 3*r**2 + r**2 - 2. Let a be 1/4 - (-14)/8. Suppose -2 = -2*c + 4*p - a*p, -5*p + 13 = 4*c. What is z(c)?
4
Let k(r) = r**3 + 4*r**2 - 5*r - 7. Let p be -1*(-2 - -3)*(-20 + 25). What is k(p)?
-7
Let q(w) = w**2 + 8*w - 2. Let j be 267/(-39) + (-4)/26. Calculate q(j).
-9
Let r(h) be the third derivative of -2/3*h**3 + 1/8*h**4 - h**2 + 1/12*h**5 + 1/120*h**6 + 0*h + 0. What is r(-4)?
0
Suppose 5*v - 63 = -53. Let t(x) be the second derivative of 0 - v*x - 5/2*x**2 - 1/6*x**3. Calculate t(0).
-5
Suppose 0 = i + 2. Suppose 3*s = 8*s - 40. Let y(r) = -3*r**2 + 5*r - 5. Let k(v) = -5*